he greatest common factor of v and s?
7
Let d = -12 - -20. Let z = 89 + -167. Let m = -46 - z. What is the highest common factor of m and d?
8
Let c = 45 + -31. Let v(m) = 2*m**2 - 2*m + 2. Let k be (-2)/5 + (-85)/(-25). Let y be v(k). Calculate the highest common divisor of y and c.
14
Let a(v) = v**2 - 7*v - 16. Let o be a(9). Calculate the highest common factor of o and 14.
2
Suppose -u - 4 = -3*r - 0*u, 4*r + u - 10 = 0. Suppose -1 = -n - r. Let f be n*(-9)/(-3)*-15. Calculate the greatest common divisor of f and 5.
5
Suppose -3*c + 28 = 5*p, 3*c = -4*p - 2*c + 25. Suppose p*t - 17 + 7 = 0. Calculate the greatest common factor of t and 16.
2
Suppose 4 = 3*d - 41. Suppose 2*n + n = d. Let k(q) = q**3 + 13*q**2 - 35*q - 20. Let p be k(-15). Calculate the greatest common divisor of p and n.
5
Let v be 2/2 + 3/(-1). Let k(t) = 16*t**2 - t - 2. Let c be k(v). Calculate the highest common factor of c and 16.
16
Suppose -7*v - 4*q + 18 = -4*v, -4*v + 2*q = -46. Calculate the greatest common divisor of 35 and v.
5
Let n(p) = p**2 - 3*p - 1. Let v be n(-2). Suppose -3*z + 18 = -v. Calculate the greatest common divisor of 1 and z.
1
Let s = -33 + 45. What is the highest common divisor of s and 24?
12
Let g = 38 + -34. Calculate the greatest common factor of 6 and g.
2
Suppose -2*m = -3*k + 52, m + 75 = 5*k - 0*m. Let n = k - 7. Calculate the highest common factor of n and 63.
7
Suppose -4*z = -j - 20, -j - 2*j - 12 = 0. What is the greatest common divisor of z and 4?
4
Suppose 9*i = 15*i - 660. Calculate the highest common divisor of i and 10.
10
Let t = 1 - -37. Let x = t + -27. Calculate the greatest common factor of x and 22.
11
Let q be (10/(-6))/(2/24). Let m be q/(-4)*(-1 - -2). What is the greatest common factor of m and 25?
5
Let s = 70 - 4. What is the greatest common factor of s and 22?
22
Let i(g) = 14*g. Let p be i(1). Calculate the greatest common factor of 2 and p.
2
Let v = -45 + 71. What is the greatest common factor of v and 182?
26
Let f = -47 + 60. Let d be ((-65)/3)/((-1)/3). What is the highest common divisor of d and f?
13
Suppose 0*m + 74 = 2*m - 5*f, 5*m - 212 = -f. What is the highest common factor of 378 and m?
42
Let o(z) = -2*z. Let c be o(0). Suppose -1 = -c*u - u. What is the greatest common divisor of 11 and u?
1
Let h = -12 - -22. Let t = 19 - h. Calculate the greatest common divisor of 27 and t.
9
Suppose -2*t - 3 = -3*t. Suppose -4*h - 2 = -10. Suppose -n + 6 = h*n. Calculate the highest common factor of t and n.
1
Suppose 0 = 7*r - 86 + 2. What is the highest common factor of r and 60?
12
Let k be 90/8*(-16)/(-6). Calculate the highest common factor of k and 12.
6
Let s(p) = -p - 11. Let a be s(-11). Suppose a = -g - g + 84. What is the highest common divisor of 7 and g?
7
Let o(d) = -d**3 + d**2 + 10. Let v be o(0). Let y be 0 + -1 - (-54)/2. Let r be (-2)/(-3) - y/(-6). Calculate the highest common factor of r and v.
5
Let o = 3 - -27. Calculate the greatest common divisor of o and 15.
15
Let a = -59 - -73. What is the highest common factor of a and 21?
7
Let q = 267 - 168. Let w = -19 + 48. Suppose w = n + 4*u, -7*n + 2*n = -4*u - 25. Calculate the greatest common divisor of n and q.
9
Let s be (2 - 3)*1 + 10. Let v = -67 + 166. Calculate the highest common factor of s and v.
9
Suppose -48 = -4*w + w. What is the greatest common factor of w and 2?
2
Let x(f) = -5*f - 5. Let i be x(-22). What is the greatest common divisor of 15 and i?
15
Suppose 0 = 2*t + t - 189. Suppose v - 32 + 8 = 0. Suppose 0 = 3*p - v + 3. Calculate the greatest common divisor of t and p.
7
Suppose 5*n + 16 = m, 5*n + 14 + 10 = -m. Let t be (60/(-8))/(2/m). Calculate the greatest common factor of 10 and t.
5
Suppose 53 + 31 = 6*o. Let i = -78 + 190. Calculate the highest common factor of o and i.
14
Let w = -122 - -192. What is the greatest common factor of w and 14?
14
Let v = 31 + -28. Calculate the greatest common factor of v and 24.
3
Let l = -76 - -100. Calculate the highest common factor of 48 and l.
24
Let p = -342 - -554. Let r = p + -113. What is the highest common factor of 11 and r?
11
Suppose 145 = -6*j + j. Let h = 57 + j. What is the highest common factor of h and 70?
14
Suppose 4*s = -3*w + 24, -w + 0*w - 5*s + 19 = 0. Let a = 3 + w. Let c = -61 + 124. What is the greatest common divisor of a and c?
7
Let z = 1 - -4. Let u be 6/z*(-105)/(-14). What is the highest common factor of u and 9?
9
Let k(a) = -a**3 + 2*a**2 + 4*a - 3. Suppose -5*n + 2*n - 14 = -p, 5*p - n - 14 = 0. Let i be k(p). Calculate the highest common divisor of 5 and i.
5
Suppose -5*u + f - 6*f = -35, -4*u - 5*f = -32. Let r be -2 - 3*(-62)/u. What is the greatest common factor of r and 12?
12
Let u(j) = -10*j + 3. Let t be u(-2). Suppose -2*k - 2*k + 828 = 0. Calculate the highest common divisor of k and t.
23
Suppose -5*s = -6*s + 38. What is the highest common divisor of 190 and s?
38
Suppose 2*n - 18 = -0. Let r be 66/(-4)*(-6)/n. Let x = r - 6. What is the greatest common factor of x and 2?
1
Suppose 5*l - n - 150 = 3*n, -2*l + 42 = 2*n. Suppose -4*d + 70 = -l. What is the highest common factor of d and 3?
3
Let n be (-2 + 5 - 2) + 8. Let i be 3/((-1)/((-150)/n)). Calculate the highest common factor of 10 and i.
10
Let w = 0 + -6. Let g be 2/w + (-14)/(-6). Suppose 2*c - 56 = -2*o - 2*c, -2*o - 3*c = -53. Calculate the highest common divisor of o and g.
2
Let t(r) = r + 9. Let x be t(-9). Suppose -b + 3 = 5*q, 0 = 3*b - x*q - 3*q - 9. Let k = 4 - 2. Calculate the highest common factor of k and b.
1
Suppose 0 = -4*d + 1 + 31. Suppose n = -3*f + 7 + 26, 0 = -2*n + f + 45. Calculate the highest common divisor of n and d.
8
Let k(y) = -y + 1. Let n(f) = 13*f**3 + f**2 + f - 2. Let c(u) = 2*k(u) + n(u). Let b be c(1). What is the highest common divisor of b and 26?
13
Let v = 648 - 274. What is the highest common divisor of 34 and v?
34
Let a be 36/6*14*1. Let r = -49 + a. Calculate the highest common factor of r and 14.
7
Suppose -6*j + 2420 = -2*j. Suppose 0 = b + 2, 0 = -3*q - 2*q - 5*b + j. Let n = -67 + q. What is the greatest common divisor of n and 14?
14
Suppose 535 = 5*j + 5*c, -5*c - 72 - 65 = -j. What is the greatest common factor of 16 and j?
16
Let l be (-4381)/(-91) - (-2)/(-14). Calculate the greatest common factor of l and 6.
6
Suppose 42 = 2*g + g. Suppose 0 = -h + 6*h - 105. Calculate the highest common factor of h and g.
7
Suppose -5*u + 93 = -5*q + 2*q, 2*u + 4*q - 58 = 0. Calculate the highest common divisor of u and 35.
7
Let n = 5 + -3. Suppose 3*a - 9 = 3, 0 = -i + 5*a - 16. Suppose 0*y - 8 = -i*y. Calculate the highest common divisor of n and y.
2
Let t be -3 - ((-1 - 2) + 4). Let b be (-2556)/(-52) + t/26. Calculate the highest common factor of 7 and b.
7
Let w(q) = q**2 - 16*q + 8. Let a(c) = -2*c**2 + 24*c - 12. Let u(k) = -5*a(k) - 8*w(k). Let z be u(-7). What is the greatest common factor of 19 and z?
19
Suppose 5*n = -5*s + 6*n + 41, -4*s + 33 = -n. What is the highest common divisor of 36 and s?
4
Let i be (24/(-9))/((-1)/60). What is the highest common factor of i and 20?
20
Let s(b) = 3*b + 2. Let x be s(-6). Let d = 30 + x. Calculate the greatest common factor of 35 and d.
7
Let q be 2*-1*39/(-26). What is the highest common divisor of 12 and q?
3
Let l = 29 - 28. Calculate the highest common factor of 11 and l.
1
Let y(c) = -3*c + 18. Let x be y(6). Let o = 633 - 391. Suppose 4*d - 5*b - 819 + o = x, -5*d + 4*b + 719 = 0. Calculate the greatest common factor of 13 and d.
13
Let c be (-1 - -2) + (-4)/((-12)/33). Calculate the highest common divisor of 48 and c.
12
Suppose -3*q + 34 = -17. Suppose 96 = -4*y + 164. Calculate the highest common factor of y and q.
17
Let c be 0/(-7) + (-16 - -1). Let v be (-40)/3*c/4. Suppose -2*l + v = -0*l. Calculate the highest common divisor of 5 and l.
5
Let i = 2 - -1. Let k be -3 - (-9 + -3 + i). What is the greatest common divisor of k and 24?
6
Let m(z) = -z**3 - z**2 - z + 4. Let q be m(0). Suppose -3*i = -i - q. Calculate the greatest common divisor of 16 and i.
2
Suppose -n - 40 = -4*n - 4*a, 5*a - 44 = -3*n. What is the greatest common divisor of n and 2?
2
Let v(s) = 4*s + 1. Let o = -11 - -12. Let z be v(o). What is the greatest common factor of 1 and z?
1
Let k be (-42)/(-9